 12
254612
What is -47b592 (base 14) in base 12?
-9a2838
Convert -375539 (base 15) to base 12.
-a79a76
What is 429095 (base 10) in base 3?
210210121102
What is -659c8c (base 14) in base 2?
-1101001001010110110100
10100010101101001 (base 2) to base 10
83305
What is -769182 (base 10) in base 14?
-160458
120446 (base 9) to base 7
421323
-2193a89 (base 11) to base 2
-1110101001110011011010
What is 140400014 (base 5) in base 12?
2a6182
-1301356 (base 8) to base 14
-958bc
Convert 2811791 (base 11) to base 10.
4848449
Convert 1133475 (base 8) to base 7.
2425013
What is 680532 (base 9) in base 6?
12421132
16042165 (base 7) to base 14
2c1235
What is 161853 (base 10) in base 16?
2783d
Convert -133130320 (base 6) to base 10.
-2671176
-360568 (base 10) to base 11
-22699a
10311975 (base 10) to base 15
d8a600
-308ca6 (base 16) to base 7
-36021123
What is 1816b (base 14) in base 12?
2b12b
Convert -ac587 (base 16) to base 9.
-1285313
Convert -53280 (base 11) to base 4.
-102323120
What is -222327 (base 14) in base 7?
-12563550
Convert 129917 (base 11) to base 4.
301222123
What is -1222210210111 (base 3) in base 13?
-2b10a4
Convert 3230032323 (base 5) to base 7.
112312120
443651 (base 8) to base 14
3c649
-3375 (base 15) to base 9
-15862
Convert -2b36c (base 14) to base 5.
-11421300
Convert 10133003133 (base 4) to base 8.
4370337
Convert 1113021023 (base 4) to base 3.
200010121222
Convert -15203105 (base 7) to base 9.
-2644175
What is 41712 (base 8) in base 7?
101411
What is 6a3cb (base 15) in base 5?
41311431
What is -6173226 (base 10) in base 6?
-340151430
-1021332334 (base 5) to base 14
-3d88dc
What is 13cc2d (base 14) in base 8?
2500411
What is -22133312 (base 4) in base 6?
-531022
What is 662b05 (base 16) in base 14?
c64193
What is -15527350 (base 8) in base 6?
-204451144
Convert -42770c (base 13) to base 14.
-2c815a
Convert -264025 (base 8) to base 2.
-10110100000010101
Convert -119e72 (base 15) to base 12.
-348268
Convert 5d0ea (base 15) to base 7.
2345350
-220002010020010 (base 3) to base 13
-286059c
What is 11110001010011000110 (base 2) in base 7?
11254340
274e5 (base 15) to base 2
11110110000100110
13a53 (base 15) to base 10
63078
What is 6413255 (base 7) in base 3?
1110110102022
-2125474 (base 8) to base 5
-121134444
8615034 (base 10) to base 11
495466a
What is -145353023 (base 7) in base 8?
-45026142
What is -11026616 (base 7) in base 8?
-3474207
Convert -1ad4540 (base 14) to base 13.
-2a1ac6b
Convert -66909 (base 12) to base 8.
-411631
What is -3742 (base 8) in base 4?
-133202
What is -2164966 (base 13) in base 4?
-212323313032
Convert -4204204440 (base 5) to base 8.
-41030120
Convert -2160bc (base 13) to base 11.
-496438
4927303 (base 10) to base 2
10010110010111101000111
What is 1102220012022 (base 3) in base 13?
20a61a
Convert 130232201 (base 4) to base 6.
2304425
What is -546250 (base 8) in base 2?
-101100110010101000
-1b42a (base 13) to base 2
-1101000011000000
Convert 579a82 (base 13) to base 8.
7732411
Convert 136239 (base 12) to base 4.
1032203031
103875 (base 9) to base 11
42600
What is 565213 (base 7) in base 16?
187a8
10233534 (base 6) to base 2
1001001010011000010
Convert -6291a (base 14) to base 13.
-842c2
43553553 (base 7) to base 8
16221327
100111010101110 (base 2) to base 6
233130
What is -1011100100111110101 (base 2) in base 7?
-3140032
Convert -7896 (base 13) to base 6.
-210010
Convert 212121112201 (base 3) to base 6.
13543414
What is -3a48691 (base 11) in base 14?
-d013d5
Convert -110110100111000100110000 (base 2) to base 14.
-1c891cc
1266266 (base 7) to base 15
34b18
What is 56fa9 (base 16) in base 13?
c6210
Convert 1611271 (base 8) to base 7.
3640305
1324444401 (base 5) to base 12
116009b
Convert -4160a8 (base 12) to base 11.
-6412a7
Convert -20650 (base 7) to base 5.
-131011
What is 334113 (base 9) in base 6?
4141103
What is 185848 (base 9) in base 5?
12201444
-5153033 (base 6) to base 3
-110121110210
102210022222210 (base 3) to base 16
5f9b95
2113002324 (base 5) to base 15
5c5444
Convert 306a7b (base 14) to base 15.
223855
Convert 5a05b9 (base 12) to base 7.
15226230
-1c3ca4 (base 14) to base 2
-11110110011110001000
What is 1902ac (base 15) in base 14?
239016
-101223010 (base 5) to base 13
-116662
-3737 (base 16) to base 5
-423020
2211130323 (base 5) to base 6
250330550
-5544520 (base 6) to base 10
-278400
What is -33104200 (base 5) in base 14?
-75b9b
What is -3066868 (base 10) in base 11?
-1805202
What is 52b4 (base 12) in base 9?
13381
What is 3110 (base 10) in base 12?
1972
What is 80969c (base 13) in base 10?
2991260
1803102 (base 11) to base 13
83388b
Convert -41232031 (base 5) to base 14.
-8a8cc
141c5a (base 13) to base 12
1b7579
-120022101111 (base 3) to base 8
-1114460
-24127a (base 11) to base 10
-382326
What is b231 (base 13) in base 14?
8d33
Convert -3a290d (base 14) to base 11.
-114a344
Convert -56051542 (base 7) to base 11.
-2803595
-bec8b9 (base 15) to base 2
-100010101110101111011101
Convert 271266 (base 9) to base 8.
502160
-aa908 (base 12) to base 7
-1630505
14ffb (base 16) to base 9
140877
What is 13a33a8 (base 13) in base 11?
357838a
-616275 (base 8) to base 6
-4212141
Convert -465580 (base 9) to base 7.
-2243256
Convert -1205431 (base 9) to base 14.
-130252
-202111111001 (base 3) to base 2
-1100010100000100001
Convert 1c2a66 (base 13) to base 15.
e35cd
-101020210012211 (base 3) to base 7
-64210210
What is 10012100021202 (base 3) in base 5?
413341013
What is 3706689 (base 10) in base 15?
4d3429
What is -2b87c (base 14) in base 11?
-74733
101011452 (base 6) to base 9
3223275
Convert -11002110112 (base 3) to base 9.
-132415
What is -2228c (base 16) in base 12?
-68b78
Convert 3116748 (base 10) to base 5.
1244213443
What is -150ba12 (base 12) in base 6?
-231034422
Convert 34134122 (base 5) to base 4.
1021311030
Convert 4820275 (base 9) to base 5.
1132032013
What is -11442b1 (base 12) in base 9?
-6227147
Convert 48ab70 (base 14) to base 8.
11373776
Convert 101084 (base 11) to base 2.
100111101010101010
-21217410 (base 8) to base 16
-451f08
What is 33652555 (base 7) in base 16?
2cd232
100030410 (base 5) to base 9
657487
Convert 14647 (base 10) to base 7.
60463
Convert 11071747 (base 8) to base 14.
462887
Convert 134929 (base 13) to base 14.
c2440
-5202533 (base 6) to base 4
-330321321
Convert -224908 (base 10) to base 12.
-aa1a4
Convert 71541 (base 13) to base 6.
4203530
-2bda0 (base 16) to base 3
-100010101110
8838 (base 9) to base 15
1de5
-29ae2c (base 16) to base 11
-15a62a0
Convert -30440234 (base 5) to base 11.
-160458
Convert -3722000 (base 8) to base 7.
-11466260
What is 1120310454 (base 6) in base 7?
206622316
What is -a1470 (base 14) in base 2?
-1011110101011001010
What is 1be8ee (base 15) in base 9?
2511128
What is 1916019 (base 11) in base 9?
6083424
-5345841 (base 10) to base 9
-11047103
Convert -161365 (base 9) to base 7.
-562634
Convert -415085 (base 11) to base 7.
-5441335
What is 10010100001011100 (base 2) in base 4?
102201130
31159 (base 14) to base 9
200207
What is -a9983 (base 14) in base 6?
-12445315
66276 (base 8) to base 3
1102012001
b7940 (base 12) to base 5
30212121
Convert 333131 (base 7) to base 15.
125ee
-43114333 (base 5) to base 12
-15659a
Convert -38759 (base 15) to base 6.
-3511450
-230b5 (base 12) to base 11
-3217a
-21153220 (base 6) to base 14
-122700
16210635 (base 7) to base 12
636150
What is -7716241 (base 9) in base 10?
-4144564
Convert -1a8237 (base 15) to base 5.
-312340002
Convert -1289626 (base 10) to base 4.
-10322312122
What is -1001111010000101110 (base 2) in base 5?
-40342104
What is 10100000010011100101 (base 2) in base 8?
2402345
-2122510 (base 8) to base 7
-4546616
What is -5a296 (base 15) in base 6?
-10054510
What is -565562 (base 15) in base 4?
-33231202331
What is 2478468 (base 9) in base 15?
1ba568
46043661 (base 7) to base 4
33103100130
Convert 12100221 (base 5) to base 6.
2225041
Convert -235322 (base 13) to base 12.
-345ba5
250350366 (base 7) to base 6
1320415110
What is 10054346 (base 8) in base 16?
2058e6
Convert 2336a5 (base 12) to base 6.
20044325
3421421 (base 5) to base 15
13076
What is 2352114 (base 6) in base 10?
123598
Convert -b24b (base 12) to base 2.
-100101110011011
120221021121 (base 3) to base 12
131637
What is -55155 (base 9) in base 8?
-1